{"id":524,"date":"2025-12-02T22:11:09","date_gmt":"2025-12-02T22:11:09","guid":{"rendered":"https:\/\/www.numerocivico.org\/?post_type=product&#038;p=524"},"modified":"2025-12-02T22:17:04","modified_gmt":"2025-12-02T22:17:04","slug":"fabio-mazzurana-scrivere-memorie","status":"publish","type":"product","link":"https:\/\/www.numerocivico.org\/fr\/prodotto\/fabio-mazzurana-scrivere-memorie\/","title":{"rendered":"Fabio Mazzurana : Scrivere Memorie"},"content":{"rendered":"<table style=\"height: 355px;\" width=\"636\">\n<tbody>\n<tr valign=\"top\">\n<td valign=\"top\" width=\"253\"><em>Author\/em><\/td>\n<td valign=\"top\" width=\"369\"><em>Fabio Mazzurana<\/em><\/td>\n<\/tr>\n<tr>\n<td valign=\"top\" width=\"253\"><em>Titre<\/em><\/td>\n<td valign=\"top\" width=\"369\"><em>Scrivere Memorie. I Mazzurana Bar\u00e9la<\/em><\/td>\n<\/tr>\n<tr>\n<td valign=\"top\" width=\"253\"><em>Publi\u00e9 par<\/em><\/td>\n<td valign=\"top\" width=\"369\"><em>Stefano Giovanazzi<\/em><\/td>\n<\/tr>\n<tr>\n<td valign=\"top\" width=\"253\"><em><em>\u00c9diteur<\/em><\/em><\/td>\n<td valign=\"top\" width=\"369\"><em>Numero Civico Rovereto &#8211; Panorama Monte Baldo<\/em><\/td>\n<\/tr>\n<tr>\n<td valign=\"top\" width=\"253\"><em><em>Dimensions<\/em><\/em><\/td>\n<td valign=\"top\" width=\"369\"><em>21 x 15,2 cm<\/em><\/td>\n<\/tr>\n<tr>\n<td valign=\"top\" width=\"253\"><em>Pages<\/em><\/td>\n<td valign=\"top\" width=\"369\"><em>224 p.<\/em><\/td>\n<\/tr>\n<tr>\n<td valign=\"top\" width=\"253\"><em>Reliure de livres<\/em><\/td>\n<td valign=\"top\" width=\"369\"><em>a filo, con alette<\/em><\/td>\n<\/tr>\n<tr>\n<td valign=\"top\" width=\"253\"><em>Illustrations<\/em><\/td>\n<td valign=\"top\" width=\"369\"><em>73 photographies in\u00e9dites en noir et blanc et en couleur, pour la plupart en pleine page<\/em><\/td>\n<\/tr>\n<tr>\n<td valign=\"top\" width=\"253\"><em>Langue<\/em><\/td>\n<td valign=\"top\" width=\"369\"><em>Italien<\/em><\/td>\n<\/tr>\n<tr>\n<td valign=\"top\" width=\"253\"><em>Ann\u00e9e de publication<\/em><\/td>\n<td valign=\"top\" width=\"369\"><em>Mai 2022<\/em><\/td>\n<\/tr>\n<tr>\n<td valign=\"top\" width=\"253\"><em>Sources photographiques<\/em><\/p>\n<p><em>\u00a0<\/em><\/td>\n<td valign=\"top\" width=\"250\"><em>Documents familiaux \/ Collection Fabio Mazzurana, Collections Stefano et Massimo Giovanazzi<\/em><\/td>\n<\/tr>\n<\/tbody>\n<\/table>\n<p>&nbsp;<\/p>\n","protected":false},"excerpt":{"rendered":"<p><strong>Extrait du livre de Fabio Mazzurana:<\/strong><\/p>\n<p>\u201c<em>En d\u00e9but d&rsquo;apr\u00e8s-midi, aux heures les plus chaudes, Pina se r\u00e9fugiait dans un petit tunnel, un st\u00f3l, pour se prot\u00e9ger du soleil et des mouches. Connaissant cette habitude, son p\u00e8re ne s&rsquo;\u00e9tait pas inqui\u00e9t\u00e9 de la voir se promener.<\/em><br \/>\n<em>Mais lorsqu&rsquo;il est all\u00e9 la chercher \u00e0 l&rsquo;endroit habituel en fin de journ\u00e9e, Pina avait disparu\u00a0; elle \u00e9tait rentr\u00e9e seule. Arriv\u00e9e devant l&rsquo;\u00e9curie, elle avait soulev\u00e9 le loquet de la porte avec son museau et \u00e9tait entr\u00e9e.<\/em>\u201d<\/p>\n","protected":false},"featured_media":366,"comment_status":"closed","ping_status":"closed","template":"","meta":[],"product_brand":[],"product_cat":[27],"product_tag":[],"class_list":["post-524","product","type-product","status-publish","has-post-thumbnail","product_cat-memorie-fr","first","outofstock","purchasable","product-type-simple"],"_links":{"self":[{"href":"https:\/\/www.numerocivico.org\/fr\/wp-json\/wp\/v2\/product\/524","targetHints":{"allow":["GET"]}}],"collection":[{"href":"https:\/\/www.numerocivico.org\/fr\/wp-json\/wp\/v2\/product"}],"about":[{"href":"https:\/\/www.numerocivico.org\/fr\/wp-json\/wp\/v2\/types\/product"}],"replies":[{"embeddable":true,"href":"https:\/\/www.numerocivico.org\/fr\/wp-json\/wp\/v2\/comments?post=524"}],"wp:featuredmedia":[{"embeddable":true,"href":"https:\/\/www.numerocivico.org\/fr\/wp-json\/wp\/v2\/media\/366"}],"wp:attachment":[{"href":"https:\/\/www.numerocivico.org\/fr\/wp-json\/wp\/v2\/media?parent=524"}],"wp:term":[{"taxonomy":"product_brand","embeddable":true,"href":"https:\/\/www.numerocivico.org\/fr\/wp-json\/wp\/v2\/product_brand?post=524"},{"taxonomy":"product_cat","embeddable":true,"href":"https:\/\/www.numerocivico.org\/fr\/wp-json\/wp\/v2\/product_cat?post=524"},{"taxonomy":"product_tag","embeddable":true,"href":"https:\/\/www.numerocivico.org\/fr\/wp-json\/wp\/v2\/product_tag?post=524"}],"curies":[{"name":"wp","href":"https:\/\/api.w.org\/{rel}","templated":true}]}}

<table style="height: 355px;" width="636">
<tbody>
<tr valign="top">
<td valign="top" width="253"><em>Author/em></td>
<td valign="top" width="369"><em>Fabio Mazzurana</em></td>
</tr>
<tr>
<td valign="top" width="253"><em>Titre</em></td>
<td valign="top" width="369"><em>Scrivere Memorie. I Mazzurana Baréla</em></td>
</tr>
<tr>
<td valign="top" width="253"><em>Publié par</em></td>
<td valign="top" width="369"><em>Stefano Giovanazzi</em></td>
</tr>
<tr>
<td valign="top" width="253"><em><em>Éditeur</em></em></td>
<td valign="top" width="369"><em>Numero Civico Rovereto &#8211; Panorama Monte Baldo</em></td>
</tr>
<tr>
<td valign="top" width="253"><em><em>Dimensions</em></em></td>
<td valign="top" width="369"><em>21 x 15,2 cm</em></td>
</tr>
<tr>
<td valign="top" width="253"><em>Pages</em></td>
<td valign="top" width="369"><em>224 p.</em></td>
</tr>
<tr>
<td valign="top" width="253"><em>Reliure de livres</em></td>
<td valign="top" width="369"><em>a filo, con alette</em></td>
</tr>
<tr>
<td valign="top" width="253"><em>Illustrations</em></td>
<td valign="top" width="369"><em>73 photographies inédites en noir et blanc et en couleur, pour la plupart en pleine page</em></td>
</tr>
<tr>
<td valign="top" width="253"><em>Langue</em></td>
<td valign="top" width="369"><em>Italien</em></td>
</tr>
<tr>
<td valign="top" width="253"><em>Année de publication</em></td>
<td valign="top" width="369"><em>Mai 2022</em></td>
</tr>
<tr>
<td valign="top" width="253"><em>Sources photographiques</em></p>
<p><em> </em></td>
<td valign="top" width="250"><em>Documents familiaux / Collection Fabio Mazzurana, Collections Stefano et Massimo Giovanazzi</em></td>
</tr>
</tbody>
</table>
<p>&nbsp;</p>

<p><strong>Extrait du livre de Fabio Mazzurana:</strong></p>
<p>“<em>En début d&rsquo;après-midi, aux heures les plus chaudes, Pina se réfugiait dans un petit tunnel, un stól, pour se protéger du soleil et des mouches. Connaissant cette habitude, son père ne s&rsquo;était pas inquiété de la voir se promener.</em><br />
<em>Mais lorsqu&rsquo;il est allé la chercher à l&rsquo;endroit habituel en fin de journée, Pina avait disparu ; elle était rentrée seule. Arrivée devant l&rsquo;écurie, elle avait soulevé le loquet de la porte avec son museau et était entrée.</em>”</p>
