{"id":478,"date":"2025-12-02T15:20:36","date_gmt":"2025-12-02T15:20:36","guid":{"rendered":"https:\/\/www.numerocivico.org\/?page_id=478"},"modified":"2025-12-09T21:06:35","modified_gmt":"2025-12-09T21:06:35","slug":"scrivere-memorie","status":"publish","type":"page","link":"https:\/\/www.numerocivico.org\/en\/scrivere-memorie\/","title":{"rendered":"Writing Memoirs"},"content":{"rendered":"\n<h1 class=\"wp-block-heading\">&nbsp;<\/h1>\n\n\n\n<h1 class=\"wp-block-heading\">Fabio Mazzurana, Scrivere Memorie [Writing Memoirs]<\/h1>\n\n\n\n<p class=\"wp-block-paragraph\">Brentonico (TN) Italy, 20\/9\/2022<\/p>\n\n\n\n<p class=\"wp-block-paragraph\"><strong>excerpt from Fabio Mazzurana&#8217;s book<\/strong><\/p>\n\n\n\n<p class=\"wp-block-paragraph\">In the very early afternoon\u2014the hottest hours\u2014Pina used to shelter in a small shed, en st\u00f3l, to escape the sun and the flies. Knowing her habit, dad didn&#8217;t worry about not seeing her wandering around.<br>However, when he went to pick her up at her usual spot at the end of the day, Pina was no longer there; she had gone back home on her own. When she arrived in front of the stable, she lifted the latch with her nose that kept the door closed and went inside.<\/p>\n\n\n\n<p class=\"wp-block-paragraph\"><\/p>\n\n\n\n<h3 class=\"wp-block-heading\">Stefano Giovanazzi &#8220;Ecology of the Mind, Ecology of Communities&#8221;<\/h3>\n\n\n\n<p class=\"wp-block-paragraph\">Fabio Mazzurana&#8217;s book\u00a0&#8220;Scrivere Memorie. I Mazzurana Bar\u00e8la&#8221; traces two parallel paths: the family story and that of the generations of the Brentonico community, which take their first steps at the end of a decade and still carry the painful years of World War II behind them. Fabio&#8217;s very personal, engaging, humorous, lively writing almost resembles a work of collective storytelling: it is the result of the desire to gather information, memories, and feelings from a generation\u2014his and that of his siblings\u2014that grew up around the late 1950s. The &#8216;writing&#8217; of what was collected took more than a year to take shape; a year dedicated primarily to listening, then to reflection, and finally to rewriting what had been carefully preserved. It is, therefore, a &#8216;special&#8217; book that Fabio dedicates to his family and to the community of Brentonico. In more than two hundred pages, including text and photographs, he manages to give voice to countless protagonists of that memorable era.&lt;\/p><\/p>\n\n\n\n<p class=\"wp-block-paragraph\">Just like Edgar Reitz&#8217;s extraordinary and epic film &#8220;Heimat&#8221; (1984), in the book the events unfold, and as we retrace the stories of the protagonists, we meet them one by one in their wanderings: these are real people, with their own names, with authentic and fragile identities\u2014people who live, suffer, and rejoice, side by side.<\/p>\n\n\n\n<p class=\"wp-block-paragraph\">Fabio Mazzurana\u2019s deeply emotional writing takes us to places and atmospheres that many will recognize: living in an alpine community, closely connected with the natural environment from early childhood, marks the experience of growing up and becoming an adult; being in contact with nature, each moment becomes precious and offers intense, unique experiences. The narration takes place in courtyards, on streets, along lively alleys of the districts of Brentonico, the hamlets, but also in other places like Rovereto, Vallagarina, Trentino, and South Tyrol.<\/p>\n\n\n\n<p class=\"wp-block-paragraph\">Some moments are particularly intense, perhaps even lyrical: those in which Fabio, together with his father Giuseppe, mother Ada, and his brothers, lives in \u2018communion\u2019 with the animals in the courtyard: Pina\u2014the family donkey\u2014Mirka, chickens, the goat, piglets. An immersion in an environment that makes ecology a virtue.<\/p>\n\n\n\n<p class=\"wp-block-paragraph\"><strong>An ecology of collective memory<\/strong><\/p>\n\n\n\n<p class=\"wp-block-paragraph\">Names\u2014personal names, surnames, but also nicknames\u2014hold particular importance within Fabio Mazzurana&#8217;s book&nbsp;<em>Scrivere Memorie<\/em>. I would like to discuss this by introducing a few lines from an autobiographical text by Elias Canetti, who was awarded the Nobel Prize in Literature in 1981. In this autobiographical excerpt, the author speaks about a meeting that took place about ten years earlier in a city in Morocco\u2014an encounter not unlike what could have happened to any of us:<\/p>\n\n\n\n<p class=\"wp-block-paragraph\">\u201c<em>Strinsi la mano di quell&#8217;uomo e lo guardai nei suoi occhi ridenti. Egli domand\u00f2 al figlio in arabo qual era il mio nome e da dove venivo. [&#8230;] Fece il mio nome. [&#8230;]&nbsp;&nbsp;\u00abE-li-as Ca-ne-ti? \u00bb ripet\u00e9 il padre con tono esitante e interrogativo. Disse il nome alcune volte tra s\u00e9 e s\u00e9, separando chiaramente le sillabe. In bocca sua il nome divent\u00f2 pi\u00f9 importante e pi\u00f9 bello. Dicendolo non mi guardava in faccia, e anzi teneva gli occhi fissi davanti a s\u00e9, come se il nome fosse pi\u00f9 vero di me, e come se esso, il nome, meritasse di essere indagato. Io lo ascoltavo sorpreso e perplesso. Avevo l\u2019impressione che nella sua cantilena il mio nome appartenesse ad una lingua speciale, che io ignoravo. Lo soppes\u00f2 con magnanimit\u00e0 quattro o cinque volte; mi sembr\u00f2 di udire il suono dei pesi. Non ero in apprensione, quell&#8217;uomo non era un giudice. Sapevo che avrebbe trovato il senso e il peso del mio nome; e quando ebbe finito, alz\u00f2 lo sguardo su di me e di nuovo mi rise negli occhi. Ora stava l\u00ec come a voler dire: il nome \u00e8 buono; ma non esisteva una sola lingua nella quale potesse dirmelo. Lo lessi sul suo volto e provai per lui un amore invincibile.<\/em>\u201d [Italian translation: Adelphi, Milano]<\/p>\n\n\n\n<p class=\"wp-block-paragraph\">The <em>invincible love <\/em>that Elias Canetti speaks of is certainly the love of gratitude, the love for having been &#8220;recognized,&#8221; the thankfulness because someone else acknowledges a story within you, and through this, you feel you belong to a story.<\/p>\n\n\n\n<p class=\"wp-block-paragraph\">Fabio starts from there, and asks himself: Who can tell me the stories of my family? Who are, deep down, the people I have loved? To whom should the task, the honor, of talking about them, of writing about them, belong? And finally, how do I write all this, how do I write these memories, this collective memory?<\/p>\n\n\n\n<p class=\"wp-block-paragraph\"><strong>The task of &#8216;writing memories&#8217; belongs to all of us.<\/strong><\/p>\n\n\n\n<p class=\"wp-block-paragraph\">Along the path Fabio had to walk to find an answer to each of these questions, he was accompanied by many people: with some, the dialogue was continuous and unending. But it takes time to retrace one&#8217;s life, it takes time to &#8220;reconstruct&#8221; the emotions that have shaped you so intensely; feelings must find a home in the right words.<\/p>\n\n\n\n<p class=\"wp-block-paragraph\">This is how the first part of Fabio&#8217;s book title, \u201cWriting Memories,\u201d can be explained: a daily effort, a daily dialogue with a community that is often indefinable beforehand, but which emerges and becomes clearer the more you write. Like in Canetti&#8217;s encounter, the names of the people and the words that identify them must be repeated several times so that their identity becomes clear in your mind. In this way, the images of each of them materialize before you, and those people come back to be real, to be present here with us.<\/p>\n\n\n\n<p class=\"wp-block-paragraph\"><strong>How we think and what others think of us<\/strong><\/p>\n\n\n\n<p class=\"wp-block-paragraph\">From the observation that writing memoirs is writing about oneself and the community that welcomes you, another reflection arises. If those who attempt to write about themselves must necessarily confront also the collective memory, the memory of the community in which they are embedded, then writing is more related to anthropology \u2014 to ethnography, psychology, and cognitive sciences, as we would say today \u2014 and only incidentally to history. As anthropologist Marc Aug\u00e9 writes in his book \u201cStorie del presente\u201d:<\/p>\n\n\n\n<p class=\"wp-block-paragraph\"><em>&#8220;There is at least one difference between history and anthropology: the nature of the testimonies [&#8230;]. The historian does not have the same ability as the anthropologist to go into the field and verify the validity and scope of their hypotheses&#8221;.<\/em><\/p>\n\n\n\n<p class=\"wp-block-paragraph\">From this perspective, Fabio&#8217;s book is situated right in the middle of a journey where many attitudes and disciplines dialogue with each other: primarily literature and poetry, but also psychology, anthropology, ethnography, sociology, and only at the very end, I would say, history.<\/p>\n\n\n\n<p class=\"wp-block-paragraph\">One last reflection. In Marc Aug\u00e9&#8217;s book, the author describes some populations of West Africa that over time have favored the matrilineal system of descent rather than the patrilineal one\u2014that is, the system of rules according to which children inherit social status and possessions from their mother rather than from their father. As I reflected on this point, I asked myself: &#8220;And if someone from among them were to come here\u2014curious or with an interest in anthropology\u2014what tools would they have to deepen their understanding of our behaviors and customs? I am convinced that the richness of Fabio&#8217;s book could help them unravel the complex web of feelings, thoughts, and actions that animate our behaviors\u2014those complexities that dwell within each of us and are expressed through our living.&#8221; Certainly, much more than a history book, much more than any manual.<\/p>\n\n\n\n<p class=\"wp-block-paragraph\">Regarding matrilineality, if we then wanted to take a step further and look at our ancestry through the eyes of the newcomer, if we were to follow their genealogical perspective, the story of Fabio&#8217;s family could also be told in this way:<\/p>\n\n\n\n<p class=\"wp-block-paragraph\">Fabio<\/p>\n\n\n\n<p class=\"wp-block-paragraph\">son of the late Ada Antonia Giacoma Mazzurana<\/p>\n\n\n\n<p class=\"wp-block-paragraph\">of the late Maddalena Virginia Mazzurana<\/p>\n\n\n\n<p class=\"wp-block-paragraph\">of the late Francesca Togni<\/p>\n\n\n\n<p class=\"wp-block-paragraph\">of the late Innocenza Perenzoni<\/p>\n\n\n\n<p class=\"wp-block-paragraph\"> and so on&#8230;&nbsp;<\/p>\n\n\n\n<p class=\"wp-block-paragraph\"><\/p>\n\n\n\n<p class=\"wp-block-paragraph\"><\/p>\n\n\n\n<p class=\"wp-block-paragraph\"><\/p>\n\n\n\n<p class=\"wp-block-paragraph\"><\/p>\n\n\n\n<h5 class=\"wp-block-heading\">Il volume&nbsp;\u00e8 stato curato da Stefano Giovanazzi.<\/h5>\n\n\n\n<h5 class=\"wp-block-heading\"><em>Fabio Mazzurana&nbsp;&nbsp;&nbsp;nasce a Brentonico (TN) il 21 gennaio 1946. Con &#8220;Scrivere Memorie&#8221; Fabio \u00e8 alla sua prima esperienza narrativa.<\/em><\/h5>\n\n\n\n<h3 class=\"wp-block-heading\">Info<\/h3>\n\n\n\n<p class=\"has-white-background-color has-background wp-block-paragraph\">Stefano Giovanazzi<br>t. 0039 0464 439936<br>Stefano m. 0039 329 4828149<\/p>\n","protected":false},"excerpt":{"rendered":"<p>&nbsp; Fabio Mazzurana, Scrivere Memorie [Writing Memoirs] Brentonico (TN) Italy, 20\/9\/2022 excerpt from Fabio Mazzurana&#8217;s book In the very early afternoon\u2014the hottest hours\u2014Pina used to shelter in a small shed, en st\u00f3l, to escape the sun and the flies. Knowing her habit, dad didn&#8217;t worry about not seeing her wandering around.However, when he went to &hellip; <\/p>\n<p class=\"link-more\"><a href=\"https:\/\/www.numerocivico.org\/en\/scrivere-memorie\/\" class=\"more-link\">Continue reading<span class=\"screen-reader-text\"> &#8220;Writing Memoirs&#8221;<\/span><\/a><\/p>\n","protected":false},"author":1,"featured_media":635,"parent":0,"menu_order":0,"comment_status":"closed","ping_status":"closed","template":"","meta":{"footnotes":""},"class_list":["post-478","page","type-page","status-publish","has-post-thumbnail","hentry"],"_links":{"self":[{"href":"https:\/\/www.numerocivico.org\/en\/wp-json\/wp\/v2\/pages\/478","targetHints":{"allow":["GET"]}}],"collection":[{"href":"https:\/\/www.numerocivico.org\/en\/wp-json\/wp\/v2\/pages"}],"about":[{"href":"https:\/\/www.numerocivico.org\/en\/wp-json\/wp\/v2\/types\/page"}],"author":[{"embeddable":true,"href":"https:\/\/www.numerocivico.org\/en\/wp-json\/wp\/v2\/users\/1"}],"replies":[{"embeddable":true,"href":"https:\/\/www.numerocivico.org\/en\/wp-json\/wp\/v2\/comments?post=478"}],"version-history":[{"count":4,"href":"https:\/\/www.numerocivico.org\/en\/wp-json\/wp\/v2\/pages\/478\/revisions"}],"predecessor-version":[{"id":637,"href":"https:\/\/www.numerocivico.org\/en\/wp-json\/wp\/v2\/pages\/478\/revisions\/637"}],"wp:featuredmedia":[{"embeddable":true,"href":"https:\/\/www.numerocivico.org\/en\/wp-json\/wp\/v2\/media\/635"}],"wp:attachment":[{"href":"https:\/\/www.numerocivico.org\/en\/wp-json\/wp\/v2\/media?parent=478"}],"curies":[{"name":"wp","href":"https:\/\/api.w.org\/{rel}","templated":true}]}}

<h1 class="wp-block-heading">&nbsp;</h1>



<h1 class="wp-block-heading">Fabio Mazzurana, Scrivere Memorie [Writing Memoirs]</h1>



<p class="wp-block-paragraph">Brentonico (TN) Italy, 20/9/2022</p>



<p class="wp-block-paragraph"><strong>excerpt from Fabio Mazzurana&#8217;s book</strong></p>



<p class="wp-block-paragraph">In the very early afternoon—the hottest hours—Pina used to shelter in a small shed, en stól, to escape the sun and the flies. Knowing her habit, dad didn&#8217;t worry about not seeing her wandering around.<br>However, when he went to pick her up at her usual spot at the end of the day, Pina was no longer there; she had gone back home on her own. When she arrived in front of the stable, she lifted the latch with her nose that kept the door closed and went inside.</p>



<p class="wp-block-paragraph"></p>



<h3 class="wp-block-heading">Stefano Giovanazzi &#8220;Ecology of the Mind, Ecology of Communities&#8221;</h3>



<p class="wp-block-paragraph">Fabio Mazzurana&#8217;s book &#8220;Scrivere Memorie. I Mazzurana Barèla&#8221; traces two parallel paths: the family story and that of the generations of the Brentonico community, which take their first steps at the end of a decade and still carry the painful years of World War II behind them. Fabio&#8217;s very personal, engaging, humorous, lively writing almost resembles a work of collective storytelling: it is the result of the desire to gather information, memories, and feelings from a generation—his and that of his siblings—that grew up around the late 1950s. The &#8216;writing&#8217; of what was collected took more than a year to take shape; a year dedicated primarily to listening, then to reflection, and finally to rewriting what had been carefully preserved. It is, therefore, a &#8216;special&#8217; book that Fabio dedicates to his family and to the community of Brentonico. In more than two hundred pages, including text and photographs, he manages to give voice to countless protagonists of that memorable era.&lt;/p></p>



<p class="wp-block-paragraph">Just like Edgar Reitz&#8217;s extraordinary and epic film &#8220;Heimat&#8221; (1984), in the book the events unfold, and as we retrace the stories of the protagonists, we meet them one by one in their wanderings: these are real people, with their own names, with authentic and fragile identities—people who live, suffer, and rejoice, side by side.</p>



<p class="wp-block-paragraph">Fabio Mazzurana’s deeply emotional writing takes us to places and atmospheres that many will recognize: living in an alpine community, closely connected with the natural environment from early childhood, marks the experience of growing up and becoming an adult; being in contact with nature, each moment becomes precious and offers intense, unique experiences. The narration takes place in courtyards, on streets, along lively alleys of the districts of Brentonico, the hamlets, but also in other places like Rovereto, Vallagarina, Trentino, and South Tyrol.</p>



<p class="wp-block-paragraph">Some moments are particularly intense, perhaps even lyrical: those in which Fabio, together with his father Giuseppe, mother Ada, and his brothers, lives in ‘communion’ with the animals in the courtyard: Pina—the family donkey—Mirka, chickens, the goat, piglets. An immersion in an environment that makes ecology a virtue.</p>



<p class="wp-block-paragraph"><strong>An ecology of collective memory</strong></p>



<p class="wp-block-paragraph">Names—personal names, surnames, but also nicknames—hold particular importance within Fabio Mazzurana&#8217;s book&nbsp;<em>Scrivere Memorie</em>. I would like to discuss this by introducing a few lines from an autobiographical text by Elias Canetti, who was awarded the Nobel Prize in Literature in 1981. In this autobiographical excerpt, the author speaks about a meeting that took place about ten years earlier in a city in Morocco—an encounter not unlike what could have happened to any of us:</p>



<p class="wp-block-paragraph">“<em>Strinsi la mano di quell&#8217;uomo e lo guardai nei suoi occhi ridenti. Egli domandò al figlio in arabo qual era il mio nome e da dove venivo. [&#8230;] Fece il mio nome. [&#8230;]&nbsp;&nbsp;«E-li-as Ca-ne-ti? » ripeté il padre con tono esitante e interrogativo. Disse il nome alcune volte tra sé e sé, separando chiaramente le sillabe. In bocca sua il nome diventò più importante e più bello. Dicendolo non mi guardava in faccia, e anzi teneva gli occhi fissi davanti a sé, come se il nome fosse più vero di me, e come se esso, il nome, meritasse di essere indagato. Io lo ascoltavo sorpreso e perplesso. Avevo l’impressione che nella sua cantilena il mio nome appartenesse ad una lingua speciale, che io ignoravo. Lo soppesò con magnanimità quattro o cinque volte; mi sembrò di udire il suono dei pesi. Non ero in apprensione, quell&#8217;uomo non era un giudice. Sapevo che avrebbe trovato il senso e il peso del mio nome; e quando ebbe finito, alzò lo sguardo su di me e di nuovo mi rise negli occhi. Ora stava lì come a voler dire: il nome è buono; ma non esisteva una sola lingua nella quale potesse dirmelo. Lo lessi sul suo volto e provai per lui un amore invincibile.</em>” [Italian translation: Adelphi, Milano]</p>



<p class="wp-block-paragraph">The <em>invincible love </em>that Elias Canetti speaks of is certainly the love of gratitude, the love for having been &#8220;recognized,&#8221; the thankfulness because someone else acknowledges a story within you, and through this, you feel you belong to a story.</p>



<p class="wp-block-paragraph">Fabio starts from there, and asks himself: Who can tell me the stories of my family? Who are, deep down, the people I have loved? To whom should the task, the honor, of talking about them, of writing about them, belong? And finally, how do I write all this, how do I write these memories, this collective memory?</p>



<p class="wp-block-paragraph"><strong>The task of &#8216;writing memories&#8217; belongs to all of us.</strong></p>



<p class="wp-block-paragraph">Along the path Fabio had to walk to find an answer to each of these questions, he was accompanied by many people: with some, the dialogue was continuous and unending. But it takes time to retrace one&#8217;s life, it takes time to &#8220;reconstruct&#8221; the emotions that have shaped you so intensely; feelings must find a home in the right words.</p>



<p class="wp-block-paragraph">This is how the first part of Fabio&#8217;s book title, “Writing Memories,” can be explained: a daily effort, a daily dialogue with a community that is often indefinable beforehand, but which emerges and becomes clearer the more you write. Like in Canetti&#8217;s encounter, the names of the people and the words that identify them must be repeated several times so that their identity becomes clear in your mind. In this way, the images of each of them materialize before you, and those people come back to be real, to be present here with us.</p>



<p class="wp-block-paragraph"><strong>How we think and what others think of us</strong></p>



<p class="wp-block-paragraph">From the observation that writing memoirs is writing about oneself and the community that welcomes you, another reflection arises. If those who attempt to write about themselves must necessarily confront also the collective memory, the memory of the community in which they are embedded, then writing is more related to anthropology — to ethnography, psychology, and cognitive sciences, as we would say today — and only incidentally to history. As anthropologist Marc Augé writes in his book “Storie del presente”:</p>



<p class="wp-block-paragraph"><em>&#8220;There is at least one difference between history and anthropology: the nature of the testimonies [&#8230;]. The historian does not have the same ability as the anthropologist to go into the field and verify the validity and scope of their hypotheses&#8221;.</em></p>



<p class="wp-block-paragraph">From this perspective, Fabio&#8217;s book is situated right in the middle of a journey where many attitudes and disciplines dialogue with each other: primarily literature and poetry, but also psychology, anthropology, ethnography, sociology, and only at the very end, I would say, history.</p>



<p class="wp-block-paragraph">One last reflection. In Marc Augé&#8217;s book, the author describes some populations of West Africa that over time have favored the matrilineal system of descent rather than the patrilineal one—that is, the system of rules according to which children inherit social status and possessions from their mother rather than from their father. As I reflected on this point, I asked myself: &#8220;And if someone from among them were to come here—curious or with an interest in anthropology—what tools would they have to deepen their understanding of our behaviors and customs? I am convinced that the richness of Fabio&#8217;s book could help them unravel the complex web of feelings, thoughts, and actions that animate our behaviors—those complexities that dwell within each of us and are expressed through our living.&#8221; Certainly, much more than a history book, much more than any manual.</p>



<p class="wp-block-paragraph">Regarding matrilineality, if we then wanted to take a step further and look at our ancestry through the eyes of the newcomer, if we were to follow their genealogical perspective, the story of Fabio&#8217;s family could also be told in this way:</p>



<p class="wp-block-paragraph">Fabio</p>



<p class="wp-block-paragraph">son of the late Ada Antonia Giacoma Mazzurana</p>



<p class="wp-block-paragraph">of the late Maddalena Virginia Mazzurana</p>



<p class="wp-block-paragraph">of the late Francesca Togni</p>



<p class="wp-block-paragraph">of the late Innocenza Perenzoni</p>



<p class="wp-block-paragraph"> and so on&#8230;&nbsp;</p>



<p class="wp-block-paragraph"></p>



<p class="wp-block-paragraph"></p>



<p class="wp-block-paragraph"></p>



<p class="wp-block-paragraph"></p>



<h5 class="wp-block-heading">Il volume&nbsp;è stato curato da Stefano Giovanazzi.</h5>



<h5 class="wp-block-heading"><em>Fabio Mazzurana&nbsp;&nbsp;&nbsp;nasce a Brentonico (TN) il 21 gennaio 1946. Con &#8220;Scrivere Memorie&#8221; Fabio è alla sua prima esperienza narrativa.</em></h5>



<h3 class="wp-block-heading">Info</h3>



<p class="has-white-background-color has-background wp-block-paragraph">Stefano Giovanazzi<br>t. 0039 0464 439936<br>Stefano m. 0039 329 4828149</p>

<p>&nbsp; Fabio Mazzurana, Scrivere Memorie [Writing Memoirs] Brentonico (TN) Italy, 20/9/2022 excerpt from Fabio Mazzurana&#8217;s book In the very early afternoon—the hottest hours—Pina used to shelter in a small shed, en stól, to escape the sun and the flies. Knowing her habit, dad didn&#8217;t worry about not seeing her wandering around.However, when he went to &hellip; </p>
<p class="link-more"><a href="https://www.numerocivico.org/en/scrivere-memorie/" class="more-link">Continue reading<span class="screen-reader-text"> &#8220;Writing Memoirs&#8221;</span></a></p>
